{"id":114,"date":"2021-10-21T11:25:52","date_gmt":"2021-10-21T14:25:52","guid":{"rendered":"http:\/\/sosrodoar.dkscreative.com.br\/?page_id=114"},"modified":"2021-10-21T15:09:01","modified_gmt":"2021-10-21T18:09:01","slug":"servicos","status":"publish","type":"page","link":"https:\/\/sosrodoaretacografos.com.br\/index.php\/servicos\/","title":{"rendered":"Servi\u00e7os"},"content":{"rendered":"\t\t<div data-elementor-type=\"wp-page\" data-elementor-id=\"114\" class=\"elementor elementor-114\" data-elementor-settings=\"[]\">\n\t\t\t\t\t\t\t<div class=\"elementor-section-wrap\">\n\t\t\t\t\t\t\t<section class=\"elementor-section elementor-top-section elementor-element elementor-element-54c2f90 elementor-section-boxed elementor-section-height-default elementor-section-height-default\" data-id=\"54c2f90\" data-element_type=\"section\">\n\t\t\t\t\t\t<div class=\"elementor-container elementor-column-gap-default\">\n\t\t\t\t\t<div class=\"elementor-column elementor-col-33 elementor-top-column elementor-element elementor-element-4508607\" data-id=\"4508607\" data-element_type=\"column\">\n\t\t\t<div class=\"elementor-widget-wrap elementor-element-populated\">\n\t\t\t\t\t\t\t\t<div class=\"elementor-element elementor-element-3540430 elementor-widget elementor-widget-image\" data-id=\"3540430\" data-element_type=\"widget\" data-widget_type=\"image.default\">\n\t\t\t\t<div class=\"elementor-widget-container\">\n\t\t\t\t\t\t\t\t\t\t\t\t\t\t\t<img loading=\"lazy\" decoding=\"async\" width=\"1024\" height=\"388\" src=\"https:\/\/sosrodoaretacografos.com.br\/wp-content\/uploads\/2021\/10\/rodoar-1024x388.jpg\" class=\"attachment-large size-large\" alt=\"tac\u00f3grafos\" srcset=\"https:\/\/sosrodoaretacografos.com.br\/wp-content\/uploads\/2021\/10\/rodoar-1024x388.jpg 1024w, https:\/\/sosrodoaretacografos.com.br\/wp-content\/uploads\/2021\/10\/rodoar-300x114.jpg 300w, https:\/\/sosrodoaretacografos.com.br\/wp-content\/uploads\/2021\/10\/rodoar-768x291.jpg 768w, https:\/\/sosrodoaretacografos.com.br\/wp-content\/uploads\/2021\/10\/rodoar-1536x582.jpg 1536w, https:\/\/sosrodoaretacografos.com.br\/wp-content\/uploads\/2021\/10\/rodoar.jpg 1670w\" sizes=\"(max-width: 1024px) 100vw, 1024px\" \/>\t\t\t\t\t\t\t\t\t\t\t\t\t\t\t<\/div>\n\t\t\t\t<\/div>\n\t\t\t\t\t<\/div>\n\t\t<\/div>\n\t\t\t\t<div class=\"elementor-column elementor-col-33 elementor-top-column elementor-element elementor-element-a318670\" data-id=\"a318670\" data-element_type=\"column\">\n\t\t\t<div class=\"elementor-widget-wrap\">\n\t\t\t\t\t\t\t\t\t<\/div>\n\t\t<\/div>\n\t\t\t\t<div class=\"elementor-column elementor-col-33 elementor-top-column elementor-element elementor-element-edb2b5f\" data-id=\"edb2b5f\" data-element_type=\"column\">\n\t\t\t<div class=\"elementor-widget-wrap elementor-element-populated\">\n\t\t\t\t\t\t\t\t<div class=\"elementor-element elementor-element-869e612 elementor-widget elementor-widget-spacer\" data-id=\"869e612\" data-element_type=\"widget\" data-widget_type=\"spacer.default\">\n\t\t\t\t<div class=\"elementor-widget-container\">\n\t\t\t\t\t<div class=\"elementor-spacer\">\n\t\t\t<div class=\"elementor-spacer-inner\"><\/div>\n\t\t<\/div>\n\t\t\t\t<\/div>\n\t\t\t\t<\/div>\n\t\t\t\t<div class=\"elementor-element elementor-element-7bbf927 elementor-widget elementor-widget-heading\" data-id=\"7bbf927\" data-element_type=\"widget\" data-widget_type=\"heading.default\">\n\t\t\t\t<div class=\"elementor-widget-container\">\n\t\t\t<h2 class=\"elementor-heading-title elementor-size-medium\">LIGUE J\u00c1 | TEL: (11) 2528-9720 \/2072-9881<\/h2>\t\t<\/div>\n\t\t\t\t<\/div>\n\t\t\t\t<div class=\"elementor-element elementor-element-0f83f3d elementor-widget elementor-widget-heading\" data-id=\"0f83f3d\" data-element_type=\"widget\" data-widget_type=\"heading.default\">\n\t\t\t\t<div class=\"elementor-widget-container\">\n\t\t\t<h2 class=\"elementor-heading-title elementor-size-default\">\u200b\u200b\u200bRua Augusto Carlos Bauman, 735\nItaquera - CEP: 08210-590 - S\u00e3o Paulo-SP<\/h2>\t\t<\/div>\n\t\t\t\t<\/div>\n\t\t\t\t\t<\/div>\n\t\t<\/div>\n\t\t\t\t\t\t\t<\/div>\n\t\t<\/section>\n\t\t\t\t<section class=\"elementor-section elementor-top-section elementor-element elementor-element-83c35fc elementor-section-boxed elementor-section-height-default elementor-section-height-default\" data-id=\"83c35fc\" data-element_type=\"section\" data-settings=\"{&quot;background_background&quot;:&quot;classic&quot;}\">\n\t\t\t\t\t\t<div class=\"elementor-container elementor-column-gap-default\">\n\t\t\t\t\t<div class=\"elementor-column elementor-col-100 elementor-top-column elementor-element elementor-element-2cdea11\" data-id=\"2cdea11\" data-element_type=\"column\">\n\t\t\t<div class=\"elementor-widget-wrap elementor-element-populated\">\n\t\t\t\t\t\t\t\t<div class=\"elementor-element elementor-element-3152e93 elementor-nav-menu--indicator-classic elementor-nav-menu--dropdown-tablet elementor-nav-menu__text-align-aside elementor-nav-menu--toggle elementor-nav-menu--burger elementor-widget elementor-widget-nav-menu\" data-id=\"3152e93\" data-element_type=\"widget\" data-settings=\"{&quot;layout&quot;:&quot;horizontal&quot;,&quot;toggle&quot;:&quot;burger&quot;}\" data-widget_type=\"nav-menu.default\">\n\t\t\t\t<div class=\"elementor-widget-container\">\n\t\t\t\t\t\t<nav role=\"navigation\" class=\"elementor-nav-menu--main elementor-nav-menu__container elementor-nav-menu--layout-horizontal e--pointer-overline e--animation-fade\"><ul id=\"menu-1-3152e93\" class=\"elementor-nav-menu\"><li class=\"menu-item menu-item-type-custom menu-item-object-custom menu-item-home menu-item-35\"><a href=\"https:\/\/sosrodoaretacografos.com.br\/#home\" class=\"elementor-item elementor-item-anchor\">Home<\/a><\/li>\n<li class=\"menu-item menu-item-type-post_type menu-item-object-page menu-item-110\"><a href=\"https:\/\/sosrodoaretacografos.com.br\/index.php\/sobre\/\" class=\"elementor-item\">Sobre<\/a><\/li>\n<li class=\"menu-item menu-item-type-post_type menu-item-object-page menu-item-132\"><a href=\"https:\/\/sosrodoaretacografos.com.br\/index.php\/servicos\/\" class=\"elementor-item\">Servi\u00e7os<\/a><\/li>\n<li class=\"menu-item menu-item-type-post_type menu-item-object-page menu-item-131\"><a href=\"https:\/\/sosrodoaretacografos.com.br\/index.php\/regularizar\/\" class=\"elementor-item\">Regularizar<\/a><\/li>\n<li class=\"menu-item menu-item-type-post_type menu-item-object-page menu-item-165\"><a href=\"https:\/\/sosrodoaretacografos.com.br\/index.php\/contato\/\" class=\"elementor-item\">Contato<\/a><\/li>\n<\/ul><\/nav>\n\t\t\t\t\t<div class=\"elementor-menu-toggle\" role=\"button\" tabindex=\"0\" aria-label=\"Menu Toggle\" aria-expanded=\"false\">\n\t\t\t<i class=\"eicon-menu-bar\" aria-hidden=\"true\"><\/i>\n\t\t\t<span class=\"elementor-screen-only\">Menu<\/span>\n\t\t<\/div>\n\t\t\t<nav class=\"elementor-nav-menu--dropdown elementor-nav-menu__container\" role=\"navigation\" aria-hidden=\"true\"><ul id=\"menu-2-3152e93\" class=\"elementor-nav-menu\"><li class=\"menu-item menu-item-type-custom menu-item-object-custom menu-item-home menu-item-35\"><a href=\"https:\/\/sosrodoaretacografos.com.br\/#home\" class=\"elementor-item elementor-item-anchor\">Home<\/a><\/li>\n<li class=\"menu-item menu-item-type-post_type menu-item-object-page menu-item-110\"><a href=\"https:\/\/sosrodoaretacografos.com.br\/index.php\/sobre\/\" class=\"elementor-item\">Sobre<\/a><\/li>\n<li class=\"menu-item menu-item-type-post_type menu-item-object-page menu-item-132\"><a href=\"https:\/\/sosrodoaretacografos.com.br\/index.php\/servicos\/\" class=\"elementor-item\">Servi\u00e7os<\/a><\/li>\n<li class=\"menu-item menu-item-type-post_type menu-item-object-page menu-item-131\"><a href=\"https:\/\/sosrodoaretacografos.com.br\/index.php\/regularizar\/\" class=\"elementor-item\">Regularizar<\/a><\/li>\n<li class=\"menu-item menu-item-type-post_type menu-item-object-page menu-item-165\"><a href=\"https:\/\/sosrodoaretacografos.com.br\/index.php\/contato\/\" class=\"elementor-item\">Contato<\/a><\/li>\n<\/ul><\/nav>\n\t\t\t\t<\/div>\n\t\t\t\t<\/div>\n\t\t\t\t\t<\/div>\n\t\t<\/div>\n\t\t\t\t\t\t\t<\/div>\n\t\t<\/section>\n\t\t\t\t<section class=\"elementor-section elementor-top-section elementor-element elementor-element-733a50b elementor-section-full_width elementor-section-height-min-height elementor-section-content-middle elementor-section-height-default elementor-section-items-middle\" data-id=\"733a50b\" data-element_type=\"section\" data-settings=\"{&quot;background_background&quot;:&quot;classic&quot;}\">\n\t\t\t\t\t\t<div class=\"elementor-container elementor-column-gap-default\">\n\t\t\t\t\t<div class=\"elementor-column elementor-col-100 elementor-top-column elementor-element elementor-element-74e11a1\" data-id=\"74e11a1\" data-element_type=\"column\">\n\t\t\t<div class=\"elementor-widget-wrap elementor-element-populated\">\n\t\t\t\t\t\t\t\t<div class=\"elementor-element elementor-element-93fd4ce elementor-invisible elementor-widget elementor-widget-heading\" data-id=\"93fd4ce\" data-element_type=\"widget\" data-settings=\"{&quot;_animation&quot;:&quot;fadeInLeft&quot;}\" data-widget_type=\"heading.default\">\n\t\t\t\t<div class=\"elementor-widget-container\">\n\t\t\t<h2 class=\"elementor-heading-title elementor-size-default\">NOSSOS SERVI\u00c7OS<\/h2>\t\t<\/div>\n\t\t\t\t<\/div>\n\t\t\t\t\t<\/div>\n\t\t<\/div>\n\t\t\t\t\t\t\t<\/div>\n\t\t<\/section>\n\t\t\t\t<section class=\"elementor-section elementor-top-section elementor-element elementor-element-015fc45 elementor-section-boxed elementor-section-height-default elementor-section-height-default\" data-id=\"015fc45\" data-element_type=\"section\">\n\t\t\t\t\t\t<div class=\"elementor-container elementor-column-gap-default\">\n\t\t\t\t\t<div class=\"elementor-column elementor-col-100 elementor-top-column elementor-element elementor-element-8d2f875\" data-id=\"8d2f875\" data-element_type=\"column\">\n\t\t\t<div class=\"elementor-widget-wrap elementor-element-populated\">\n\t\t\t\t\t\t\t\t<div class=\"elementor-element elementor-element-a297499 elementor-widget elementor-widget-spacer\" data-id=\"a297499\" data-element_type=\"widget\" data-widget_type=\"spacer.default\">\n\t\t\t\t<div class=\"elementor-widget-container\">\n\t\t\t\t\t<div class=\"elementor-spacer\">\n\t\t\t<div class=\"elementor-spacer-inner\"><\/div>\n\t\t<\/div>\n\t\t\t\t<\/div>\n\t\t\t\t<\/div>\n\t\t\t\t<div class=\"elementor-element elementor-element-4490599 elementor-invisible elementor-widget elementor-widget-heading\" data-id=\"4490599\" data-element_type=\"widget\" data-settings=\"{&quot;_animation&quot;:&quot;fadeInLeft&quot;}\" data-widget_type=\"heading.default\">\n\t\t\t\t<div class=\"elementor-widget-container\">\n\t\t\t<h2 class=\"elementor-heading-title elementor-size-default\">SERVI\u00c7OS<\/h2>\t\t<\/div>\n\t\t\t\t<\/div>\n\t\t\t\t<div class=\"elementor-element elementor-element-a0ce422 elementor-widget elementor-widget-heading\" data-id=\"a0ce422\" data-element_type=\"widget\" data-widget_type=\"heading.default\">\n\t\t\t\t<div class=\"elementor-widget-container\">\n\t\t\t<h2 class=\"elementor-heading-title elementor-size-default\">A SOS RODOAR e TAC\u00d3GRAFOS possui em sua vasta linha de produtos o tac\u00f3grafo, instrumento mundialmente utilizado para o controle operacional de ve\u00edculos comerciais n\u00e3o s\u00f3 no Brasil como tamb\u00e9m em muitos outros pa\u00edses, onde todo equipamento \u00e9 obrigat\u00f3rio por lei.\nO tac\u00f3grafo \u00e9 um poderoso aliado das pol\u00edticas de seguran\u00e7a de tr\u00e2nsito, um item imprescind\u00edvel para garantir a seguran\u00e7a do motorista, do ve\u00edculo e da carga transportada nas estradas. Segundo o C\u00f3digo de Tr\u00e2nsito Brasileiro, o tac\u00f3grafo \u00e9 um instrumento obrigat\u00f3rio para alguns ve\u00edculos.<br>\nO equipamento registra o comportamento do motorista e do ve\u00edculo no que diz respeito \u00e0 velocidade, ao tempo e \u00e0 dist\u00e2ncia. Tudo isso fica gravado nos chamados \u201cdiscos-diagrama\u201d. Hoje em dia, j\u00e1 s\u00e3o comercializadas vers\u00f5es digitais, que utilizam smart cards para gravar as informa\u00e7\u00f5es.\nCom tecnologia de ponta a VDO produz v\u00e1rios modelos de tac\u00f3grafos atendendo a um dos mais exigentes setores do mercado mundial.<\/h2>\t\t<\/div>\n\t\t\t\t<\/div>\n\t\t\t\t<div class=\"elementor-element elementor-element-95caea5 elementor-widget elementor-widget-spacer\" data-id=\"95caea5\" data-element_type=\"widget\" data-widget_type=\"spacer.default\">\n\t\t\t\t<div class=\"elementor-widget-container\">\n\t\t\t\t\t<div class=\"elementor-spacer\">\n\t\t\t<div class=\"elementor-spacer-inner\"><\/div>\n\t\t<\/div>\n\t\t\t\t<\/div>\n\t\t\t\t<\/div>\n\t\t\t\t<div class=\"elementor-element elementor-element-e9a4ff7 elementor-widget elementor-widget-heading\" data-id=\"e9a4ff7\" data-element_type=\"widget\" data-widget_type=\"heading.default\">\n\t\t\t\t<div class=\"elementor-widget-container\">\n\t\t\t<h2 class=\"elementor-heading-title elementor-size-default\">Somos credenciados para posto de ensaio de cronotac\u00f3grafos.<\/h2>\t\t<\/div>\n\t\t\t\t<\/div>\n\t\t\t\t\t<\/div>\n\t\t<\/div>\n\t\t\t\t\t\t\t<\/div>\n\t\t<\/section>\n\t\t\t\t<section class=\"elementor-section elementor-top-section elementor-element elementor-element-7ed9282 elementor-section-boxed elementor-section-height-default elementor-section-height-default\" data-id=\"7ed9282\" data-element_type=\"section\">\n\t\t\t\t\t\t<div class=\"elementor-container elementor-column-gap-default\">\n\t\t\t\t\t<div class=\"elementor-column elementor-col-50 elementor-top-column elementor-element elementor-element-0ba1caf\" data-id=\"0ba1caf\" data-element_type=\"column\">\n\t\t\t<div class=\"elementor-widget-wrap elementor-element-populated\">\n\t\t\t\t\t\t\t\t<div class=\"elementor-element elementor-element-ce0f818 elementor-invisible elementor-widget elementor-widget-image\" data-id=\"ce0f818\" data-element_type=\"widget\" data-settings=\"{&quot;_animation&quot;:&quot;fadeIn&quot;}\" data-widget_type=\"image.default\">\n\t\t\t\t<div class=\"elementor-widget-container\">\n\t\t\t\t\t\t\t\t\t\t\t\t\t\t\t<img loading=\"lazy\" decoding=\"async\" width=\"1024\" height=\"649\" src=\"https:\/\/sosrodoaretacografos.com.br\/wp-content\/uploads\/2021\/10\/VDO-2-1024x649.jpg\" class=\"attachment-large size-large\" alt=\"\" srcset=\"https:\/\/sosrodoaretacografos.com.br\/wp-content\/uploads\/2021\/10\/VDO-2-1024x649.jpg 1024w, https:\/\/sosrodoaretacografos.com.br\/wp-content\/uploads\/2021\/10\/VDO-2-300x190.jpg 300w, https:\/\/sosrodoaretacografos.com.br\/wp-content\/uploads\/2021\/10\/VDO-2-768x487.jpg 768w, https:\/\/sosrodoaretacografos.com.br\/wp-content\/uploads\/2021\/10\/VDO-2-1536x973.jpg 1536w, https:\/\/sosrodoaretacografos.com.br\/wp-content\/uploads\/2021\/10\/VDO-2-2048x1298.jpg 2048w\" sizes=\"(max-width: 1024px) 100vw, 1024px\" \/>\t\t\t\t\t\t\t\t\t\t\t\t\t\t\t<\/div>\n\t\t\t\t<\/div>\n\t\t\t\t\t<\/div>\n\t\t<\/div>\n\t\t\t\t<div class=\"elementor-column elementor-col-50 elementor-top-column elementor-element elementor-element-05bb26e\" data-id=\"05bb26e\" data-element_type=\"column\">\n\t\t\t<div class=\"elementor-widget-wrap\">\n\t\t\t\t\t\t\t\t\t<\/div>\n\t\t<\/div>\n\t\t\t\t\t\t\t<\/div>\n\t\t<\/section>\n\t\t\t\t<section class=\"elementor-section elementor-top-section elementor-element elementor-element-720d7c1 elementor-section-boxed elementor-section-height-default elementor-section-height-default\" data-id=\"720d7c1\" data-element_type=\"section\">\n\t\t\t\t\t\t<div class=\"elementor-container elementor-column-gap-default\">\n\t\t\t\t\t<div class=\"elementor-column elementor-col-50 elementor-top-column elementor-element elementor-element-5430d56\" data-id=\"5430d56\" data-element_type=\"column\">\n\t\t\t<div class=\"elementor-widget-wrap elementor-element-populated\">\n\t\t\t\t\t\t\t\t<div class=\"elementor-element elementor-element-fa1da80 elementor-widget elementor-widget-heading\" data-id=\"fa1da80\" data-element_type=\"widget\" data-widget_type=\"heading.default\">\n\t\t\t\t<div class=\"elementor-widget-container\">\n\t\t\t<h2 class=\"elementor-heading-title elementor-size-default\">Nossos Servi\u00e7os<\/h2>\t\t<\/div>\n\t\t\t\t<\/div>\n\t\t\t\t<div class=\"elementor-element elementor-element-2e97b99 elementor-widget elementor-widget-text-editor\" data-id=\"2e97b99\" data-element_type=\"widget\" data-widget_type=\"text-editor.default\">\n\t\t\t\t<div class=\"elementor-widget-container\">\n\t\t\t\t\t\t\t<p>&#8211; Tac\u00f3grafos<br \/>&#8211; Aferi\u00e7\u00e3o e laudo INMETRO<br \/>&#8211; Rodoar<br \/>&#8211; Instrumenta\u00e7\u00e3o de painel<br \/>&#8211; Bloqueador de portas<br \/>&#8211; Itiner\u00e1rios eletr\u00f4nicos<br \/>&#8211; Alternadores e motor de partida<br \/>&#8211; V\u00e1lvulas pneum\u00e1ticas<br \/>&#8211; Compressores de ar<br \/>&#8211; Diagn\u00f3stico de inje\u00e7\u00e3o eletr\u00f4nica<br \/>&#8211; M\u00f3dulos eletr\u00f4nicos (ECM) novos e consertos<br \/>&#8211; Bicos injetores sistema cammon rail<br \/>&#8211; Revis\u00e3o de chicotes<\/p>\t\t\t\t\t\t<\/div>\n\t\t\t\t<\/div>\n\t\t\t\t\t<\/div>\n\t\t<\/div>\n\t\t\t\t<div class=\"elementor-column elementor-col-50 elementor-top-column elementor-element elementor-element-88017fa\" data-id=\"88017fa\" data-element_type=\"column\">\n\t\t\t<div class=\"elementor-widget-wrap elementor-element-populated\">\n\t\t\t\t\t\t\t\t<div class=\"elementor-element elementor-element-9f0a086 elementor-widget elementor-widget-heading\" data-id=\"9f0a086\" data-element_type=\"widget\" data-widget_type=\"heading.default\">\n\t\t\t\t<div class=\"elementor-widget-container\">\n\t\t\t<h2 class=\"elementor-heading-title elementor-size-default\">Nossos Clientes<\/h2>\t\t<\/div>\n\t\t\t\t<\/div>\n\t\t\t\t<div class=\"elementor-element elementor-element-7e73e2d elementor-widget elementor-widget-text-editor\" data-id=\"7e73e2d\" data-element_type=\"widget\" data-widget_type=\"text-editor.default\">\n\t\t\t\t<div class=\"elementor-widget-container\">\n\t\t\t\t\t\t\t<p>Allibus \u2013 antiga associa\u00e7\u00e3o paulistana G1<br \/>P\u00eassego Transportes \u2013 antiga Transcooper<br \/>Transuni\u00e3o \u2013 antiga alpha G3<br \/>Qualibus \u2013 antiga G2<br \/>Brinks transportes de valores<br \/>Eco urbs limpeza urbana<br \/>Cruz de malta transportes especiais<br \/>Funda\u00e7\u00e3o casa<br \/>Transportadora Tora &#8211; MG<br \/>Vivo transportes &#8211; Guarulhos<br \/>Transportadora Ajofer<br \/>Apta concessionaria VW<\/p>\t\t\t\t\t\t<\/div>\n\t\t\t\t<\/div>\n\t\t\t\t\t<\/div>\n\t\t<\/div>\n\t\t\t\t\t\t\t<\/div>\n\t\t<\/section>\n\t\t\t\t<section class=\"elementor-section elementor-top-section elementor-element elementor-element-c0a9a2c elementor-section-boxed elementor-section-height-default elementor-section-height-default\" data-id=\"c0a9a2c\" data-element_type=\"section\">\n\t\t\t\t\t\t<div class=\"elementor-container elementor-column-gap-default\">\n\t\t\t\t\t<div class=\"elementor-column elementor-col-100 elementor-top-column elementor-element elementor-element-3a7a0ce\" data-id=\"3a7a0ce\" data-element_type=\"column\">\n\t\t\t<div class=\"elementor-widget-wrap elementor-element-populated\">\n\t\t\t\t\t\t\t\t<div class=\"elementor-element elementor-element-48eff0e elementor-widget elementor-widget-text-editor\" data-id=\"48eff0e\" data-element_type=\"widget\" data-widget_type=\"text-editor.default\">\n\t\t\t\t<div class=\"elementor-widget-container\">\n\t\t\t\t\t\t\t<p><strong>Na SOS Rodoar e Tac\u00f3grafos voc\u00ea encontra tudo para seu tac\u00f3grafo.<\/strong><\/p><p>&#8211; Posto Autorizado VDO com toda linha de produtos em condi\u00e7\u00f5es especiais.<br \/>&#8211; Equipe t\u00e9cnica especializada no conserto e manuten\u00e7\u00e3o de tac\u00f3grafos.<br \/>&#8211; Venda e instala\u00e7\u00e3o de pe\u00e7as, disco diagrama e acess\u00f3rios em geral.<\/p>\t\t\t\t\t\t<\/div>\n\t\t\t\t<\/div>\n\t\t\t\t\t<\/div>\n\t\t<\/div>\n\t\t\t\t\t\t\t<\/div>\n\t\t<\/section>\n\t\t\t\t<section class=\"elementor-section elementor-top-section elementor-element elementor-element-6995d08 elementor-section-height-min-height elementor-section-boxed elementor-section-height-default elementor-section-items-middle\" data-id=\"6995d08\" data-element_type=\"section\" data-settings=\"{&quot;background_background&quot;:&quot;classic&quot;}\">\n\t\t\t\t\t\t<div class=\"elementor-container elementor-column-gap-default\">\n\t\t\t\t\t<div class=\"elementor-column elementor-col-100 elementor-top-column elementor-element elementor-element-300ac10\" data-id=\"300ac10\" data-element_type=\"column\">\n\t\t\t<div class=\"elementor-widget-wrap elementor-element-populated\">\n\t\t\t\t\t\t\t\t<div class=\"elementor-element elementor-element-7a98f44 elementor-widget elementor-widget-heading\" data-id=\"7a98f44\" data-element_type=\"widget\" data-widget_type=\"heading.default\">\n\t\t\t\t<div class=\"elementor-widget-container\">\n\t\t\t<h2 class=\"elementor-heading-title elementor-size-default\">Venha nos Visitar<\/h2>\t\t<\/div>\n\t\t\t\t<\/div>\n\t\t\t\t<div class=\"elementor-element elementor-element-3e85419 elementor-widget elementor-widget-heading\" data-id=\"3e85419\" data-element_type=\"widget\" data-widget_type=\"heading.default\">\n\t\t\t\t<div class=\"elementor-widget-container\">\n\t\t\t<h2 class=\"elementor-heading-title elementor-size-default\">Seu ve\u00edculo totalmente revisado e com garantia de qualidade.<\/h2>\t\t<\/div>\n\t\t\t\t<\/div>\n\t\t\t\t\t<\/div>\n\t\t<\/div>\n\t\t\t\t\t\t\t<\/div>\n\t\t<\/section>\n\t\t\t\t<section class=\"elementor-section elementor-top-section elementor-element elementor-element-5f1e2a1 elementor-section-height-min-height elementor-section-boxed elementor-section-height-default elementor-section-items-middle\" data-id=\"5f1e2a1\" data-element_type=\"section\" data-settings=\"{&quot;background_background&quot;:&quot;classic&quot;}\">\n\t\t\t\t\t\t<div class=\"elementor-container elementor-column-gap-default\">\n\t\t\t\t\t<div class=\"elementor-column elementor-col-33 elementor-top-column elementor-element elementor-element-bd3317b\" data-id=\"bd3317b\" data-element_type=\"column\">\n\t\t\t<div class=\"elementor-widget-wrap elementor-element-populated\">\n\t\t\t\t\t\t\t\t<div class=\"elementor-element elementor-element-97e19df elementor-widget elementor-widget-heading\" data-id=\"97e19df\" data-element_type=\"widget\" data-widget_type=\"heading.default\">\n\t\t\t\t<div class=\"elementor-widget-container\">\n\t\t\t<h2 class=\"elementor-heading-title elementor-size-default\">contato@sosrodoaretacografos.com.br<\/h2>\t\t<\/div>\n\t\t\t\t<\/div>\n\t\t\t\t\t<\/div>\n\t\t<\/div>\n\t\t\t\t<div class=\"elementor-column elementor-col-33 elementor-top-column elementor-element elementor-element-5abe837\" data-id=\"5abe837\" data-element_type=\"column\">\n\t\t\t<div class=\"elementor-widget-wrap elementor-element-populated\">\n\t\t\t\t\t\t\t\t<div class=\"elementor-element elementor-element-cbb1dd1 elementor-widget elementor-widget-heading\" data-id=\"cbb1dd1\" data-element_type=\"widget\" data-widget_type=\"heading.default\">\n\t\t\t\t<div class=\"elementor-widget-container\">\n\t\t\t<h2 class=\"elementor-heading-title elementor-size-default\">Rua Augusto Carlos Bauman, 735\nItaquera - CEP: 08210-590 - S\u00e3o Paulo-SP<\/h2>\t\t<\/div>\n\t\t\t\t<\/div>\n\t\t\t\t\t<\/div>\n\t\t<\/div>\n\t\t\t\t<div class=\"elementor-column elementor-col-33 elementor-top-column elementor-element elementor-element-d93df27\" data-id=\"d93df27\" data-element_type=\"column\">\n\t\t\t<div class=\"elementor-widget-wrap elementor-element-populated\">\n\t\t\t\t\t\t\t\t<div class=\"elementor-element elementor-element-cca3932 elementor-widget elementor-widget-heading\" data-id=\"cca3932\" data-element_type=\"widget\" data-widget_type=\"heading.default\">\n\t\t\t\t<div class=\"elementor-widget-container\">\n\t\t\t<h2 class=\"elementor-heading-title elementor-size-default\">Tel: (11) 2528-9720 \/ 2072-9881<\/h2>\t\t<\/div>\n\t\t\t\t<\/div>\n\t\t\t\t\t<\/div>\n\t\t<\/div>\n\t\t\t\t\t\t\t<\/div>\n\t\t<\/section>\n\t\t\t\t<section class=\"elementor-section elementor-top-section elementor-element elementor-element-f5931f5 elementor-section-boxed elementor-section-height-default elementor-section-height-default\" data-id=\"f5931f5\" data-element_type=\"section\" data-settings=\"{&quot;background_background&quot;:&quot;classic&quot;}\">\n\t\t\t\t\t\t<div class=\"elementor-container elementor-column-gap-default\">\n\t\t\t\t\t<div class=\"elementor-column elementor-col-100 elementor-top-column elementor-element elementor-element-645f84b\" data-id=\"645f84b\" data-element_type=\"column\">\n\t\t\t<div class=\"elementor-widget-wrap elementor-element-populated\">\n\t\t\t\t\t\t\t\t<div class=\"elementor-element elementor-element-19fefa2 elementor-widget elementor-widget-heading\" data-id=\"19fefa2\" data-element_type=\"widget\" data-widget_type=\"heading.default\">\n\t\t\t\t<div class=\"elementor-widget-container\">\n\t\t\t<h2 class=\"elementor-heading-title elementor-size-default\">Todos os direitos reservados - SOS RODOAR E TAC\u00d3GRAFOS<\/h2>\t\t<\/div>\n\t\t\t\t<\/div>\n\t\t\t\t\t<\/div>\n\t\t<\/div>\n\t\t\t\t\t\t\t<\/div>\n\t\t<\/section>\n\t\t\t\t\t\t<\/div>\n\t\t\t\t\t<\/div>\n\t\t","protected":false},"excerpt":{"rendered":"<p>LIGUE J\u00c1 | TEL: (11) 2528-9720 \/2072-9881 \u200b\u200b\u200bRua Augusto Carlos Bauman, 735 Itaquera &#8211; CEP: 08210-590 &#8211; S\u00e3o Paulo-SP NOSSOS SERVI\u00c7OS SERVI\u00c7OS A SOS RODOAR e TAC\u00d3GRAFOS possui em sua vasta linha de produtos o tac\u00f3grafo, instrumento mundialmente utilizado para o controle operacional de ve\u00edculos comerciais n\u00e3o s\u00f3 no Brasil como tamb\u00e9m em muitos outros [&hellip;]<\/p>\n","protected":false},"author":1,"featured_media":0,"parent":0,"menu_order":0,"comment_status":"closed","ping_status":"closed","template":"elementor_canvas","meta":{"footnotes":""},"_links":{"self":[{"href":"https:\/\/sosrodoaretacografos.com.br\/index.php\/wp-json\/wp\/v2\/pages\/114"}],"collection":[{"href":"https:\/\/sosrodoaretacografos.com.br\/index.php\/wp-json\/wp\/v2\/pages"}],"about":[{"href":"https:\/\/sosrodoaretacografos.com.br\/index.php\/wp-json\/wp\/v2\/types\/page"}],"author":[{"embeddable":true,"href":"https:\/\/sosrodoaretacografos.com.br\/index.php\/wp-json\/wp\/v2\/users\/1"}],"replies":[{"embeddable":true,"href":"https:\/\/sosrodoaretacografos.com.br\/index.php\/wp-json\/wp\/v2\/comments?post=114"}],"version-history":[{"count":13,"href":"https:\/\/sosrodoaretacografos.com.br\/index.php\/wp-json\/wp\/v2\/pages\/114\/revisions"}],"predecessor-version":[{"id":175,"href":"https:\/\/sosrodoaretacografos.com.br\/index.php\/wp-json\/wp\/v2\/pages\/114\/revisions\/175"}],"wp:attachment":[{"href":"https:\/\/sosrodoaretacografos.com.br\/index.php\/wp-json\/wp\/v2\/media?parent=114"}],"curies":[{"name":"wp","href":"https:\/\/api.w.org\/{rel}","templated":true}]}}